{"id":127,"date":"2018-09-27T05:07:40","date_gmt":"2018-09-27T05:07:40","guid":{"rendered":"https:\/\/demo.themegrill.com\/zakra-gutenberg\/?page_id=53"},"modified":"2020-04-28T14:48:26","modified_gmt":"2020-04-28T14:48:26","slug":"about-us","status":"publish","type":"page","link":"https:\/\/english.apprecuerdos.site\/index.php\/about-us\/","title":{"rendered":"About us"},"content":{"rendered":"\n<div class=\"wp-block-cover has-vivid-cyan-blue-background-color has-background-dim\"><div class=\"wp-block-cover__inner-container is-layout-flow wp-block-cover-is-layout-flow\">\n<h1 class=\"has-text-align-center wp-block-heading\">About us<\/h1>\n\n\n\n<div class=\"wp-block-columns about-us-column is-layout-flex wp-container-core-columns-is-layout-7387b849 wp-block-columns-is-layout-flex\">\n<div class=\"wp-block-column is-layout-flow wp-block-column-is-layout-flow\" style=\"flex-basis:21%\"><\/div>\n\n\n\n<div class=\"wp-block-column is-layout-flow wp-block-column-is-layout-flow\" style=\"flex-basis:57%\">\n<p class=\"has-text-align-center has-text-color wp-block-paragraph\" style=\"font-size:15px;color:#16181a\"> <span class=\"has-inline-color has-very-light-gray-color\">A project by: Sonido Ciudad (Chile) and Rimini Protokoll (Germany\/ Switzerland)<\/span><\/p>\n<\/div>\n\n\n\n<div class=\"wp-block-column is-layout-flow wp-block-column-is-layout-flow\" style=\"flex-basis:22%\"><\/div>\n<\/div>\n\n\n\n<p class=\"wp-block-paragraph\"><strong>Dictectors<\/strong>: Mauricio Barr\u00eda, Ver\u00f3nica Troncoso, Gonzalo Dalgalarrando, Stefan Kaegi, Aljoscha Begrich<\/p>\n\n\n\n<p class=\"wp-block-paragraph\"><strong>Concept:<\/strong> Helgard Haug \/ Stefan Kaegi \/ Daniel Wetzel<\/p>\n\n\n\n<p class=\"wp-block-paragraph\"><strong>Research, recording and editing:<\/strong> Mauricio Barr\u00eda, Ver\u00f3nica Troncoso, Gonzalo Dalgalarrando, Javiera Bustamante, Valeska Navea, Marsida Lluca. Gesti\u00f3n, coordinaci\u00f3n y log\u00edstica: Marsida Lluca, Mait\u00e9n Arns, Dorothee Schl\u00fcter.<\/p>\n\n\n\n<p class=\"wp-block-paragraph\"><strong>Consulting<\/strong>: Mait\u00e9n Arns, Leicy Valenzuela, Sebastian Br\u00fcnger, Volker Redder, Juliane Kiss, Christoph Bertrams.<\/p>\n\n\n\n<p class=\"wp-block-paragraph\"><strong>Platform: <\/strong>Udo Noll, Radio Aporee<\/p>\n\n\n\n<p class=\"wp-block-paragraph\"><strong>Colaborators<\/strong>: Museo de la Memoria y los Derechos Humanos, Londres 38, Ex-Cl\u00ednica Santa Luc\u00eda (Centro de Memoria), Radio Cooperativa, Asociaci\u00f3n de Radiodifusores Chile ARCHI, Sociedad Chilena de Derechos de Autor SCD, Archivo Patrimonial de la Universidad de Santiago de Chile USACH, Cineteca Nacional Universidad de Chile, Roberto Andr\u00e9s Artiagoitia, Arsomnis y Ra\u00fal Zurita.<\/p>\n\n\n\n<p class=\"wp-block-paragraph\"><strong>A co-production of:<\/strong> Goethe Institut, Pro Helvetia, Consejo Nacional de la Cultura y las Artes CNCA y Fundaci\u00f3n Teatro a Mil.<\/p>\n\n\n\n<p class=\"wp-block-paragraph\">&nbsp;<strong>Mastering<\/strong>: Diego Bustamante Ovalle.<\/p>\n\n\n\n<p class=\"wp-block-paragraph\"><strong>Translation<\/strong>: Margit Schmohl y Jorge Ram\u00edrez.<\/p>\n\n\n\n<p class=\"wp-block-paragraph\"><strong>Thank you<\/strong>: Adri\u00e1n Ot\u00e1rola, Ana Zeltzer, Angelina V\u00e1squez, Antonio Kadima, Apolonia Ram\u00edrez, Benjam\u00edn Bravo Luengo, Carla Fischer, Carlos C\u00e1ceres, Christian P\u00e9rez, Cristi\u00e1n Navea, Cristian P\u00e9rez, David A\u00f1i\u00f1ir, Douglas Hubner, Felipe Vald\u00e9s, Francisco Maldonado, Freddy Low, Gonzalo Rojas, Gonzalo Rovira, Gregory Cohen, Hern\u00e1n Valenzuela, IgorRosenmann, Iv\u00e1n Atencio, Jaime Cordero, Javiera Bustamante, Isabel Matte, Jeanette Y\u00e1\u00f1ez, Jorge Atria, Jorge Mu\u00f1oz, Jose Manuel Parra, Jos\u00e9 Soto, Juan Carlos Moraga, Juan Pablo C\u00e1rdenas, Juan Pablo Sutherland, Juan Valladares, Juanjo Parada, Julio C\u00e9sar Parra, Lara Hubner, Lautaro Videla, Leonardo Casas, Lola Arias, Lorena D\u00edaz, Manuel, Manuel Guerrero, Mar\u00eda Emilia Tijoux, Mar\u00eda Luisa Ortiz, Maritina, Miguel \u00c1ngel Romero, Mireya Danilo, Oriana Olivares, Oscar Knust, Paly Garc\u00eda, Paola Mi\u00f1o, Patricia Clavel, Patricio Lanfranco, Pilar Cerda, Regina Soto, Roberto Mardones, Rodrigo Torres, Angelina Vasquez, Rolf L\u00fcders, Rufin, Salvador Fern\u00e1ndez, Samuel Houston, Sergio de Castro Spikula, Sergio Grez, Tania Medalla, Udo Noll, Viviana Uribe, V\u00edctor Painemal, Yanko Rosenmann.<\/p>\n\n\n\n<p class=\"wp-block-paragraph\"><\/p>\n\n\n\n<p class=\"has-text-align-center wp-block-paragraph\">Copyright \u00a9 2020 <a href=\"http:\/\/www.apprecuerdos.site\/\">AppRecuerdos<\/a>.<\/p>\n<\/div><\/div>\n","protected":false},"excerpt":{"rendered":"","protected":false},"author":1,"featured_media":0,"parent":0,"menu_order":0,"comment_status":"closed","ping_status":"closed","template":"page-templates\/pagebuilder.php","meta":{"zakra_page_container_layout":"customizer","zakra_page_sidebar_layout":"customizer","zakra_remove_content_margin":false,"zakra_sidebar":"customizer","zakra_transparent_header":"0","zakra_logo":0,"zakra_main_header_style":"default","zakra_menu_item_color":"","zakra_menu_item_hover_color":"","zakra_menu_item_active_color":"","zakra_menu_active_style":"","zakra_page_header":true,"_crdt_document":"","footnotes":""},"class_list":["post-127","page","type-page","status-publish","hentry"],"_links":{"self":[{"href":"https:\/\/english.apprecuerdos.site\/index.php\/wp-json\/wp\/v2\/pages\/127","targetHints":{"allow":["GET"]}}],"collection":[{"href":"https:\/\/english.apprecuerdos.site\/index.php\/wp-json\/wp\/v2\/pages"}],"about":[{"href":"https:\/\/english.apprecuerdos.site\/index.php\/wp-json\/wp\/v2\/types\/page"}],"author":[{"embeddable":true,"href":"https:\/\/english.apprecuerdos.site\/index.php\/wp-json\/wp\/v2\/users\/1"}],"replies":[{"embeddable":true,"href":"https:\/\/english.apprecuerdos.site\/index.php\/wp-json\/wp\/v2\/comments?post=127"}],"version-history":[{"count":6,"href":"https:\/\/english.apprecuerdos.site\/index.php\/wp-json\/wp\/v2\/pages\/127\/revisions"}],"predecessor-version":[{"id":256,"href":"https:\/\/english.apprecuerdos.site\/index.php\/wp-json\/wp\/v2\/pages\/127\/revisions\/256"}],"wp:attachment":[{"href":"https:\/\/english.apprecuerdos.site\/index.php\/wp-json\/wp\/v2\/media?parent=127"}],"curies":[{"name":"wp","href":"https:\/\/api.w.org\/{rel}","templated":true}]}}

<div class="wp-block-cover has-vivid-cyan-blue-background-color has-background-dim"><div class="wp-block-cover__inner-container is-layout-flow wp-block-cover-is-layout-flow">
<h1 class="has-text-align-center wp-block-heading">About us</h1>



<div class="wp-block-columns about-us-column is-layout-flex wp-container-core-columns-is-layout-7387b849 wp-block-columns-is-layout-flex">
<div class="wp-block-column is-layout-flow wp-block-column-is-layout-flow" style="flex-basis:21%"></div>



<div class="wp-block-column is-layout-flow wp-block-column-is-layout-flow" style="flex-basis:57%">
<p class="has-text-align-center has-text-color wp-block-paragraph" style="font-size:15px;color:#16181a"> <span class="has-inline-color has-very-light-gray-color">A project by: Sonido Ciudad (Chile) and Rimini Protokoll (Germany/ Switzerland)</span></p>
</div>



<div class="wp-block-column is-layout-flow wp-block-column-is-layout-flow" style="flex-basis:22%"></div>
</div>



<p class="wp-block-paragraph"><strong>Dictectors</strong>: Mauricio Barría, Verónica Troncoso, Gonzalo Dalgalarrando, Stefan Kaegi, Aljoscha Begrich</p>



<p class="wp-block-paragraph"><strong>Concept:</strong> Helgard Haug / Stefan Kaegi / Daniel Wetzel</p>



<p class="wp-block-paragraph"><strong>Research, recording and editing:</strong> Mauricio Barría, Verónica Troncoso, Gonzalo Dalgalarrando, Javiera Bustamante, Valeska Navea, Marsida Lluca. Gestión, coordinación y logística: Marsida Lluca, Maitén Arns, Dorothee Schlüter.</p>



<p class="wp-block-paragraph"><strong>Consulting</strong>: Maitén Arns, Leicy Valenzuela, Sebastian Brünger, Volker Redder, Juliane Kiss, Christoph Bertrams.</p>



<p class="wp-block-paragraph"><strong>Platform: </strong>Udo Noll, Radio Aporee</p>



<p class="wp-block-paragraph"><strong>Colaborators</strong>: Museo de la Memoria y los Derechos Humanos, Londres 38, Ex-Clínica Santa Lucía (Centro de Memoria), Radio Cooperativa, Asociación de Radiodifusores Chile ARCHI, Sociedad Chilena de Derechos de Autor SCD, Archivo Patrimonial de la Universidad de Santiago de Chile USACH, Cineteca Nacional Universidad de Chile, Roberto Andrés Artiagoitia, Arsomnis y Raúl Zurita.</p>



<p class="wp-block-paragraph"><strong>A co-production of:</strong> Goethe Institut, Pro Helvetia, Consejo Nacional de la Cultura y las Artes CNCA y Fundación Teatro a Mil.</p>



<p class="wp-block-paragraph">&nbsp;<strong>Mastering</strong>: Diego Bustamante Ovalle.</p>



<p class="wp-block-paragraph"><strong>Translation</strong>: Margit Schmohl y Jorge Ramírez.</p>



<p class="wp-block-paragraph"><strong>Thank you</strong>: Adrián Otárola, Ana Zeltzer, Angelina Vásquez, Antonio Kadima, Apolonia Ramírez, Benjamín Bravo Luengo, Carla Fischer, Carlos Cáceres, Christian Pérez, Cristián Navea, Cristian Pérez, David Añiñir, Douglas Hubner, Felipe Valdés, Francisco Maldonado, Freddy Low, Gonzalo Rojas, Gonzalo Rovira, Gregory Cohen, Hernán Valenzuela, IgorRosenmann, Iván Atencio, Jaime Cordero, Javiera Bustamante, Isabel Matte, Jeanette Yáñez, Jorge Atria, Jorge Muñoz, Jose Manuel Parra, José Soto, Juan Carlos Moraga, Juan Pablo Cárdenas, Juan Pablo Sutherland, Juan Valladares, Juanjo Parada, Julio César Parra, Lara Hubner, Lautaro Videla, Leonardo Casas, Lola Arias, Lorena Díaz, Manuel, Manuel Guerrero, María Emilia Tijoux, María Luisa Ortiz, Maritina, Miguel Ángel Romero, Mireya Danilo, Oriana Olivares, Oscar Knust, Paly García, Paola Miño, Patricia Clavel, Patricio Lanfranco, Pilar Cerda, Regina Soto, Roberto Mardones, Rodrigo Torres, Angelina Vasquez, Rolf Lüders, Rufin, Salvador Fernández, Samuel Houston, Sergio de Castro Spikula, Sergio Grez, Tania Medalla, Udo Noll, Viviana Uribe, Víctor Painemal, Yanko Rosenmann.</p>



<p class="wp-block-paragraph"></p>



<p class="has-text-align-center wp-block-paragraph">Copyright © 2020 <a href="http://www.apprecuerdos.site/">AppRecuerdos</a>.</p>
</div></div>
